{"id":156,"date":"2020-01-06T09:45:57","date_gmt":"2020-01-06T08:45:57","guid":{"rendered":"https:\/\/stoppt-defender-2020.de\/?page_id=156"},"modified":"2020-03-12T13:43:23","modified_gmt":"2020-03-12T12:43:23","slug":"def20-in-hamburg-schleswig-holstein","status":"publish","type":"page","link":"https:\/\/stoppt-defender-2020.de\/index.php\/def20-in-hamburg-schleswig-holstein\/","title":{"rendered":"DEF20 IN HAMBURG\/SCHLESWIG HOLSTEIN"},"content":{"rendered":"<p><strong>Update:<\/strong><\/p>\n<p><strong>21.02.2020<\/strong><\/p>\n<p>Mehrere Hundert US-Soldaten landeten in Hamburg. <a href=\"https:\/\/www.mopo.de\/hamburg\/-signal-der-abschreckung--hunderte-us-soldaten-am-hamburg-airport-gelandet-36280056?fbclid=IwAR23EjUlzdsradmUeOuZiOPfvRlOAT1VgWUh9iQIO6yUcil5CWk-iyP_bmI\">Zum Artikel<\/a>.<\/p>\n<p><a href=\"https:\/\/www.jungewelt.de\/artikel\/372914.gesch%FCtzte-steueroasen.html\"><strong>Das B\u00fcndnis gegen das Kriegsman\u00f6ver \u00bbDefender 2020\u00ab erkl\u00e4rte am Dienstag (18.02.2020):<\/strong><\/a><\/p>\n<p>(\u2026) In Hamburg fand am 15.2. ein weiteres Treffen des Aktionsb\u00fcndnisses \u00bbAnti-Def 20\u00ab statt. Zu diesem Treffen waren zahlreiche Vertreter aus Mecklenburg-Vorpommern, Schleswig-Holstein, Niedersachsen und Hamburg gekommen. Sie berichteten \u00fcber durchgef\u00fchrte und geplante Aktivit\u00e4ten zum Protest gegen das Kriegsman\u00f6ver \u00bbDefender 2020\u00ab. Gemeinsame Aktionen sind f\u00fcr den 22.2. in Bremerhaven zum \u00bbunfreundlichen Empfang\u00ab der US-Truppen und ihres Kriegsmaterials geplant. Der Protest soll lautstark und vielf\u00e4ltig organisiert werden. Die Hamburger planen des weiteren Aktionen an Bahnh\u00f6fen und am Flugplatz. Dort sollen in den n\u00e4chsten Tagen bis zu 7.000 US-S\u00f6ldner ankommen und auf St\u00fctzpunkte im Norden verteilt werden. Auch ihnen soll ein \u00bbw\u00fcrdiger Empfang\u00ab bereitet werden. Weiterhin sollen Bahnreisende \u00fcber die Ursachen m\u00f6glicher Behinderungen durch diese Truppen- und Materialtransporte informiert, aufgekl\u00e4rt und f\u00fcr den Protest gegen das Man\u00f6ver gewonnen werden. Als weitere gemeinsame Aktionen und Termine zeichnen sich der 7.3. mit Aktionen an Autobahnen, die Osterm\u00e4rsche, die Kundgebungen zum Tag der Arbeit am 1. Mai und Tag der Befreiung vom Faschismus am 8. Mai ab. (\u2026)<\/p>\n<div class=\"field field-name-field-date-event field-type-datetime field-label-above\">\n<div class=\"field-items\"><strong><span class=\"date-display-single\">Samstag, 15. Februar 2020<\/span><\/strong><\/div>\n<\/div>\n<div class=\"field field-name-body field-type-text-with-summary field-label-hidden text\">\n<p><strong>3. Norddeutsche Aktionsberatung &#8222;Defender 2020&#8220;, Ort und Zeit noch offen; deshalb bitte zeitnah nachsehen beim VA: <a href=\"http:\/\/www.hamburgerforum.org\/\">Hamburger Forum<\/a>\u00a0oder\u00a0<a href=\"https:\/\/www.bremerfriedensforum.de\/\">Bremer Friedensforum<\/a><\/strong><\/p>\n<\/div>\n<p><img loading=\"lazy\" decoding=\"async\" class=\"alignnone size-medium wp-image-664\" src=\"https:\/\/stoppt-defender-2020.de\/wp-content\/uploads\/2020\/02\/0E8B7878-270C-4F32-BB73-6A9CD8133F75-300x234.jpeg\" alt=\"\" width=\"300\" height=\"234\" srcset=\"https:\/\/stoppt-defender-2020.de\/wp-content\/uploads\/2020\/02\/0E8B7878-270C-4F32-BB73-6A9CD8133F75-300x234.jpeg 300w, https:\/\/stoppt-defender-2020.de\/wp-content\/uploads\/2020\/02\/0E8B7878-270C-4F32-BB73-6A9CD8133F75-1024x798.jpeg 1024w, https:\/\/stoppt-defender-2020.de\/wp-content\/uploads\/2020\/02\/0E8B7878-270C-4F32-BB73-6A9CD8133F75-150x117.jpeg 150w, https:\/\/stoppt-defender-2020.de\/wp-content\/uploads\/2020\/02\/0E8B7878-270C-4F32-BB73-6A9CD8133F75-768x599.jpeg 768w, https:\/\/stoppt-defender-2020.de\/wp-content\/uploads\/2020\/02\/0E8B7878-270C-4F32-BB73-6A9CD8133F75.jpeg 1524w\" sizes=\"auto, (max-width: 300px) 100vw, 300px\" \/><\/p>\n<p>Quelle (no2nato): Kieler Nachrichten, 14.01.2020<\/p>\n<p><strong>Milit\u00e4risches:<\/strong><\/p>\n<p><strong>03.03.2020:\u00a0\u00a0<\/strong>Fast die gesamte Luftflotte der Bundeswehr fliegt zwischen dem 6. und 20. M\u00e4rz \u00fcber den Truppen\u00fcbungsplatz Todendorf hinweg. Wie das Landeskommando mitteilte, wird dabei die Technik in den Flugzeugen und Hubschraubern \u00fcberpr\u00fcft. <a href=\"https:\/\/www.ln-online.de\/Lokales\/Ostholstein\/Wiessenhaeuser-Strand-Bundeswehr-kuendigt-Tiefflieger-im-Norden-an?fbclid=IwAR1FkTTvAMcC1hk3DQDBPbxNTtFjjJ1EjMRjLhlyRxS3HdhRIPb5KIR2j9Y\">Zum Artikel<\/a>.<\/p>\n<p><strong>31.01.2020:<\/strong>\u00a0 <a href=\"https:\/\/www.buergerschaft-hh.de\/parldok\/dokument\/69636\/wie_weit_ist_hamburg_vom_nato_manoever_defender_2020_betroffen_ii_nachfragen_zu_drs_21_19285.pdf\">Anfrage<\/a> der Fraktion DIE LINKE in der Hamburger B\u00fcrgerschaft.<\/p>\n<p><strong>Friedensbewegung:<\/strong><\/p>\n<ul>\n<li><span class=\"date-display-single\">Zur Information: Video-Mitschnitte von der Aktionsberatung i<\/span><span class=\"date-display-single\">n Hamburg am 18. Januar 2020:<\/span><\/li>\n<\/ul>\n<p style=\"padding-left: 40px;\">Video 1: <a href=\"https:\/\/youtu.be\/HtUdtAYs7mU\">Die Konferenz<\/a><\/p>\n<p style=\"padding-left: 40px;\">Video 2: <a href=\"https:\/\/youtu.be\/DFI-J19rUCI\">Interview mit Martin Dolzer (Die Linke, MdHB)<\/a><\/p>\n<p style=\"padding-left: 40px;\">Video 3: <a href=\"https:\/\/youtu.be\/kGllqpdeki0\">Vortrag von Milit\u00e4rhistoriker David Noack \u201eHintergr\u00fcnde zur Nato-Osterweiterung\u201c<\/a><\/p>\n<ul>\n<li><a href=\"http:\/\/www.hamburgerforum.org\/seite\/375054\/veranstaltungen-und-aktionen-des-forums.html\">Samstag,\u00a0 den 18. Januar, 13-17 Uhr, Aktionsberatung gegen das Man\u00f6ver &#8222;Defender 2020&#8220;<\/a>Zehntausende US-Soldaten werden im Fr\u00fchjahr nach Europa verschifft \u2013 so viele wie seit drei\u00dfig Jahren nicht mehr \u2013, um am NATO-Gro\u00dfman\u00f6ver &#8222;Defender 2020&#8220; teilzunehmen. Dreh- und Angelpunkt der Kriegsspiele wird Deutschland. Wir wollen gegen die Man\u00f6ver protestieren und uns f\u00fcr Diplomatie und friedliche Beziehungen zu Russland einsetzen.Wir wollen in einem ersten norddeutschen Vernetzungstreffen abstimmen, was wir als Friedens- und Antikriegsgruppen politisch und aktionsorientiert unternehmen k\u00f6nnen. Zur besseren Planung bitte anmelden per E-Mail: <a href=\"mailto:mitmachen@friedensnetz.info\">mitmachen@friedensnetz.info<\/a>. Ort: Curio-Haus (Hinterhof), Rothenbaumchaussee 15, Veranstalter: Hamburger Forum, Bremer Friedensforum\n<p>Update: \u00dcber 100 Teilnehmer haben daran teilgenommen<\/li>\n<\/ul>\n<p>F\u00fcr weitere Informationen kann beim Landeskommando der Bundeswehr angefragt werden:<\/p>\n<p><img loading=\"lazy\" decoding=\"async\" class=\"alignnone size-full wp-image-978\" src=\"https:\/\/stoppt-defender-2020.de\/wp-content\/uploads\/2020\/02\/SchleswigH.png\" alt=\"\" width=\"1023\" height=\"136\" srcset=\"https:\/\/stoppt-defender-2020.de\/wp-content\/uploads\/2020\/02\/SchleswigH.png 1023w, https:\/\/stoppt-defender-2020.de\/wp-content\/uploads\/2020\/02\/SchleswigH-300x40.png 300w, https:\/\/stoppt-defender-2020.de\/wp-content\/uploads\/2020\/02\/SchleswigH-150x20.png 150w, https:\/\/stoppt-defender-2020.de\/wp-content\/uploads\/2020\/02\/SchleswigH-768x102.png 768w\" sizes=\"auto, (max-width: 1023px) 100vw, 1023px\" \/><\/p>\n<p><img loading=\"lazy\" decoding=\"async\" class=\"alignnone size-full wp-image-979\" src=\"https:\/\/stoppt-defender-2020.de\/wp-content\/uploads\/2020\/02\/Hamburg.png\" alt=\"\" width=\"1019\" height=\"157\" srcset=\"https:\/\/stoppt-defender-2020.de\/wp-content\/uploads\/2020\/02\/Hamburg.png 1019w, https:\/\/stoppt-defender-2020.de\/wp-content\/uploads\/2020\/02\/Hamburg-300x46.png 300w, https:\/\/stoppt-defender-2020.de\/wp-content\/uploads\/2020\/02\/Hamburg-150x23.png 150w, https:\/\/stoppt-defender-2020.de\/wp-content\/uploads\/2020\/02\/Hamburg-768x118.png 768w\" sizes=\"auto, (max-width: 1019px) 100vw, 1019px\" \/><\/p>\n","protected":false},"excerpt":{"rendered":"<p>Update: 21.02.2020 Mehrere Hundert US-Soldaten landeten in Hamburg. Zum Artikel. Das B\u00fcndnis gegen das Kriegsman\u00f6ver \u00bbDefender 2020\u00ab erkl\u00e4rte am Dienstag (18.02.2020): (\u2026) In Hamburg fand am 15.2. ein weiteres Treffen des Aktionsb\u00fcndnisses \u00bbAnti-Def 20\u00ab statt. Zu diesem Treffen waren zahlreiche Vertreter aus Mecklenburg-Vorpommern, Schleswig-Holstein, Niedersachsen und Hamburg gekommen. Sie berichteten \u00fcber durchgef\u00fchrte und geplante Aktivit\u00e4ten [&hellip;]<\/p>\n","protected":false},"author":3,"featured_media":0,"parent":0,"menu_order":0,"comment_status":"closed","ping_status":"closed","template":"","meta":{"footnotes":""},"class_list":["post-156","page","type-page","status-publish","hentry"],"_links":{"self":[{"href":"https:\/\/stoppt-defender-2020.de\/index.php\/wp-json\/wp\/v2\/pages\/156","targetHints":{"allow":["GET"]}}],"collection":[{"href":"https:\/\/stoppt-defender-2020.de\/index.php\/wp-json\/wp\/v2\/pages"}],"about":[{"href":"https:\/\/stoppt-defender-2020.de\/index.php\/wp-json\/wp\/v2\/types\/page"}],"author":[{"embeddable":true,"href":"https:\/\/stoppt-defender-2020.de\/index.php\/wp-json\/wp\/v2\/users\/3"}],"replies":[{"embeddable":true,"href":"https:\/\/stoppt-defender-2020.de\/index.php\/wp-json\/wp\/v2\/comments?post=156"}],"version-history":[{"count":21,"href":"https:\/\/stoppt-defender-2020.de\/index.php\/wp-json\/wp\/v2\/pages\/156\/revisions"}],"predecessor-version":[{"id":1264,"href":"https:\/\/stoppt-defender-2020.de\/index.php\/wp-json\/wp\/v2\/pages\/156\/revisions\/1264"}],"wp:attachment":[{"href":"https:\/\/stoppt-defender-2020.de\/index.php\/wp-json\/wp\/v2\/media?parent=156"}],"curies":[{"name":"wp","href":"https:\/\/api.w.org\/{rel}","templated":true}]}}