{"id":204,"date":"2020-01-06T10:52:40","date_gmt":"2020-01-06T09:52:40","guid":{"rendered":"https:\/\/stoppt-defender-2020.de\/?page_id=204"},"modified":"2020-02-27T11:34:57","modified_gmt":"2020-02-27T10:34:57","slug":"def20-in-baden-wuerttemberg","status":"publish","type":"page","link":"https:\/\/stoppt-defender-2020.de\/index.php\/def20-in-baden-wuerttemberg\/","title":{"rendered":"DEF20 IN BADEN-W\u00dcRTTEMBERG"},"content":{"rendered":"<p><strong>Update:<\/strong><\/p>\n<h4 style=\"text-align: center;\"><strong>22. Februar 2020, Alter Me\u00dfplatz, 68169 Mannheim<\/strong><br \/>\n<a href=\"https:\/\/www.facebook.com\/events\/1193491020845451\/?acontext=%7B%22ref%22%3A%22106%22%2C%22action_history%22%3A%22null%22%7D\"><strong>Protest gegen das Nato-Gro\u00dfman\u00f6ver Defender Europe 2020<\/strong><\/a><\/h4>\n<p>&nbsp;<\/p>\n<h4 style=\"text-align: center;\"><strong><span style=\"color: #000000;\">Stuttgart:<\/span><span style=\"color: #ff6600;\"> ab 29. Februar bis Ende Mai<\/span><\/strong><br \/>\n<span style=\"color: #ff6600;\"><strong> Jeden Samstag 11.00 bis\u00a014.00 Uhr:\u00a0Infostand<br \/>\n<\/strong><\/span>K\u00f6nigstr. 14 (beim Pusteblumenbrunnen)<br \/>\n!!! Ausnahme am 28.3. Schlossplatz, beim Christoph-Denkmal\/Kreuzung Bolzstr.<\/h4>\n<h3 style=\"text-align: center;\"><span style=\"color: #ff6600;\">Geplant: \u00dcberregionaler Aktionstag<br \/>\nFreitag, 3. April 2020<br \/>\nInfos: DFG-VK Ba-W\u00fc<br \/>\n<\/span><\/h3>\n<p style=\"text-align: center;\"><strong><a href=\"mailto:ba-wue@dfg-vk.de\">ba-wue@dfg-vk.de<\/a><\/strong><\/p>\n<p style=\"text-align: center;\"><img loading=\"lazy\" decoding=\"async\" class=\"alignnone size-medium wp-image-544 aligncenter\" src=\"https:\/\/stoppt-defender-2020.de\/wp-content\/uploads\/2020\/01\/DEF20-in-Stuttgart-300x65.jpg\" alt=\"\" width=\"300\" height=\"65\" srcset=\"https:\/\/stoppt-defender-2020.de\/wp-content\/uploads\/2020\/01\/DEF20-in-Stuttgart-300x65.jpg 300w, https:\/\/stoppt-defender-2020.de\/wp-content\/uploads\/2020\/01\/DEF20-in-Stuttgart-1024x223.jpg 1024w, https:\/\/stoppt-defender-2020.de\/wp-content\/uploads\/2020\/01\/DEF20-in-Stuttgart-150x33.jpg 150w, https:\/\/stoppt-defender-2020.de\/wp-content\/uploads\/2020\/01\/DEF20-in-Stuttgart-768x167.jpg 768w, https:\/\/stoppt-defender-2020.de\/wp-content\/uploads\/2020\/01\/DEF20-in-Stuttgart.jpg 1052w\" sizes=\"auto, (max-width: 300px) 100vw, 300px\" \/><\/p>\n<h4 style=\"text-align: center;\"><\/h4>\n<h4 style=\"text-align: center;\"><strong><span style=\"color: #ff6600;\">N\u00e4chstes Aktionstreffen in Stuttgart:<\/span><\/strong><br \/>\n21. Februar, 19.00 Uhr<br \/>\nB\u00fcrgerhaus Feuerbach,<br \/>\nStuttgarter Str. 15, Raum 2<\/h4>\n<h4><\/h4>\n<h4><strong>Milit\u00e4risches:<\/strong><\/h4>\n<header class=\"entry-header\">\n<div class=\"cmms-adzone-102\"><\/div>\n<div class=\"entry-meta\"><span class=\"entry-date\"><a href=\"https:\/\/www.rnf.de\/mannheim-coleman-barracks-im-mittelpunkt-von-grossuebung-der-us-army-221894\/\" rel=\"bookmark\"><time class=\"entry-date\" datetime=\"2020-02-10T15:20:37+01:00\">10. Februar 2020<\/time><\/a><\/span><\/div>\n<\/header>\n<div class=\"entry-content\">\n<p>Die Mannheimer Coleman-Barracks stehen zusammen mit den US-Army-Standorten Miesau und D\u00fclmen im Mittelpunkt einer Gro\u00df-\u00dcbung. Wie die Streitkr\u00e4fte heute mitteilten, werde Ende Februar der Transport von Material aus den Depots nach Bergen in Niedersachsen geprobt. Dabei werden unter anderem Panzer und Lastwagen von den Coleman Barracks \u00fcber den Rhein nach Norden verschifft. Folge der \u00dcbung sei auch, dass die Depots auf ihre Vollst\u00e4ndigkeit und ihren Zustand \u00fcberpr\u00fcft werden k\u00f6nnten.<br \/>\nDas Man\u00f6ver ist Bestandteil der gro\u00dfen \u00dcbung Defender Europe 2020, bei der rund 20 000 Soldaten aus den USA und 9000 aus Standorten in Europa nach Polen und ins Baltikum verlegt werden. Dort trainieren sie die Einsatzf\u00e4higkeit an der Nato-Au\u00dfengrenze. (mho\/dpa)<\/p>\n<div class=\"idvl-socs-tools size-small\"><\/div>\n<\/div>\n<header>\n<hgroup><\/hgroup>\n<\/header>\n<section>\n<div class=\"content-box-article-infos\">\n<div class=\"article-infos\">\n<p class=\"article-infos-item\"><strong>15. Februar 2020, Die Stimme: US-Streitkr\u00e4fte \u00fcben\u00a0Material-Transport von Mannheim aus\u00a0<\/strong><span class=\"place\">Mannheim (dpa\/lsw)<\/span>\u00a0 <a href=\"https:\/\/www.stimme.de\/suedwesten\/nachrichten\/pl\/US-Streitkraefte-ueben-Material-Transport-von-Mannheim-aus;art19070,4320826\">\u201eDie US-Streitkr\u00e4fte \u00fcben den Transport von Material in Depots in Mannheim, Miesau (Rheinland-Pfalz) sowie aus D\u00fclmen (Nordrhein-Westfalen) in das nieders\u00e4chsische Bergen. Das sagte ein Sprecher der Streitkr\u00e4ftebasis am Montag. Dabei werden Panzer und Lastwagen etwa von den Coleman Barracks in Mannheim \u00fcber den Rhein nach Norden verschifft, Waffen \u00fcber die Schiene transportiert und Verpflegung, B\u00fcro- und Sanit\u00e4tsmaterial in Containern \u00fcber die Stra\u00dfe gebracht.\u201c<\/a><\/p>\n<\/div>\n<\/div>\n<\/section>\n<div class=\"grid_row\">\n<div class=\"grid_item-2\">\n<aside>\n<section class=\"meta\"><span class=\"edited\">14. 02.2020, Main Post: <\/span><a href=\"https:\/\/www.mainpost.de\/regional\/main-spessart\/UEbungen-der-Bundeswehr;art129810,10406204\">Bundeswehreinheiten f\u00fchren im Februar nachstehende \u00dcbungen aus &#8230; Das Landratsamt bittet die Bev\u00f6lkerung sich von den Einrichtungen der \u00fcbenden Truppe fernzuhalten.<\/a><\/section>\n<\/aside>\n<\/div>\n<\/div>\n<p class=\"hyphenate headline-l\">07.02.2020, Schw\u00e4bische Zeitung: <a href=\"https:\/\/www.schwaebische.de\/landkreis\/landkreis-ravensburg\/leutkirch_artikel,-bundeswehr-\u00fcbt-zwischen-9-und-12-februar-auch-in-leutkirch-_arid,11183198.html\">Bundeswehr \u00fcbt zwischen 9. und 12. Februar in Leutkirch<\/a><\/p>\n<p>28.01.2020, Rhein-Neckar-Zeitung:\u00a0<a href=\"https:\/\/www.rnz.de\/nachrichten\/mannheim_artikel,-us-defender-2020-mannheim-als-drehscheibe-fuer-nato-manoever-_arid,495527.html\">Mannheim als Drehscheibe f\u00fcr Nato-Man\u00f6ver<\/a><\/p>\n<p>!!! 04.04.2018: <a href=\"https:\/\/www.rnz.de\/nachrichten\/mannheim_artikel,-us-defender-2020-mannheim-als-drehscheibe-fuer-nato-manoever-_arid,495527.html\">Rhein-Neckar-Zeitung<\/a>: \u201eEigentlich h\u00e4tte das Areal Teil der Konversionsgel\u00e4nde werden sollen. Doch etwa eine Woche, bevor 2015 das Areal an die Bundesregierung h\u00e4tte \u00fcbergeben werden sollen, <a href=\"https:\/\/www.rnz.de\/ar.349209\" target=\"_blank\" rel=\"noopener noreferrer\">wurde es von den US-Streitkr\u00e4ften quasi \u00fcber Nacht reaktiviert<\/a>. Seither lagern dort Lastwagen und Panzer f\u00fcr eine schnelle Eingreiftruppe in Osteuropa.\u201c<\/p>\n<h4><strong>Friedensbewegung:<\/strong><\/h4>\n<p class=\"entry-title\"><strong>Aktionsberatung vom Friedenstreff Stuttgart-Nord<\/strong><\/p>\n<p class=\"entry-title\">Do. 06.02.2020 um 19.00 Uhr<br \/>\nKultur- und B\u00fcrgerhaus Stuttgart-Feuerbach,<br \/>\nStuttgarter Stra\u00dfe 15, 1. Stock, Raum 3<\/p>\n<p>Pressebericht: <a href=\"https:\/\/kommunalinfo-mannheim.de\/2020\/02\/24\/protesttag-kundgebung-und-fahrradcorso-gegen-militaermanoever-us-defender-europe-2020-mit-bildergalerie-und-video\/\">Protest in Mannheim<\/a><\/p>\n<p>F\u00fcr weitere Informationen kann beim Landeskommando der Bundeswehr angefragt werden:<\/p>\n<p><img loading=\"lazy\" decoding=\"async\" class=\"alignnone size-full wp-image-957\" src=\"https:\/\/stoppt-defender-2020.de\/wp-content\/uploads\/2020\/02\/BaW\u00fc.png\" alt=\"\" width=\"1020\" height=\"122\" srcset=\"https:\/\/stoppt-defender-2020.de\/wp-content\/uploads\/2020\/02\/BaW\u00fc.png 1020w, https:\/\/stoppt-defender-2020.de\/wp-content\/uploads\/2020\/02\/BaW\u00fc-300x36.png 300w, https:\/\/stoppt-defender-2020.de\/wp-content\/uploads\/2020\/02\/BaW\u00fc-150x18.png 150w, https:\/\/stoppt-defender-2020.de\/wp-content\/uploads\/2020\/02\/BaW\u00fc-768x92.png 768w\" sizes=\"auto, (max-width: 1020px) 100vw, 1020px\" \/><\/p>\n<p>&nbsp;<\/p>\n<h4><\/h4>\n","protected":false},"excerpt":{"rendered":"<p>Update: 22. Februar 2020, Alter Me\u00dfplatz, 68169 Mannheim Protest gegen das Nato-Gro\u00dfman\u00f6ver Defender Europe 2020 &nbsp; Stuttgart: ab 29. Februar bis Ende Mai Jeden Samstag 11.00 bis\u00a014.00 Uhr:\u00a0Infostand K\u00f6nigstr. 14 (beim Pusteblumenbrunnen) !!! Ausnahme am 28.3. Schlossplatz, beim Christoph-Denkmal\/Kreuzung Bolzstr. Geplant: \u00dcberregionaler Aktionstag Freitag, 3. April 2020 Infos: DFG-VK Ba-W\u00fc ba-wue@dfg-vk.de N\u00e4chstes Aktionstreffen in Stuttgart: [&hellip;]<\/p>\n","protected":false},"author":3,"featured_media":0,"parent":0,"menu_order":0,"comment_status":"closed","ping_status":"closed","template":"","meta":{"footnotes":""},"class_list":["post-204","page","type-page","status-publish","hentry"],"_links":{"self":[{"href":"https:\/\/stoppt-defender-2020.de\/index.php\/wp-json\/wp\/v2\/pages\/204","targetHints":{"allow":["GET"]}}],"collection":[{"href":"https:\/\/stoppt-defender-2020.de\/index.php\/wp-json\/wp\/v2\/pages"}],"about":[{"href":"https:\/\/stoppt-defender-2020.de\/index.php\/wp-json\/wp\/v2\/types\/page"}],"author":[{"embeddable":true,"href":"https:\/\/stoppt-defender-2020.de\/index.php\/wp-json\/wp\/v2\/users\/3"}],"replies":[{"embeddable":true,"href":"https:\/\/stoppt-defender-2020.de\/index.php\/wp-json\/wp\/v2\/comments?post=204"}],"version-history":[{"count":29,"href":"https:\/\/stoppt-defender-2020.de\/index.php\/wp-json\/wp\/v2\/pages\/204\/revisions"}],"predecessor-version":[{"id":1072,"href":"https:\/\/stoppt-defender-2020.de\/index.php\/wp-json\/wp\/v2\/pages\/204\/revisions\/1072"}],"wp:attachment":[{"href":"https:\/\/stoppt-defender-2020.de\/index.php\/wp-json\/wp\/v2\/media?parent=204"}],"curies":[{"name":"wp","href":"https:\/\/api.w.org\/{rel}","templated":true}]}}

DEF20 IN BADEN-WÜRTTEMBERG

<p><strong>Update:</strong></p>
<h4 style="text-align: center;"><strong>22. Februar 2020, Alter Meßplatz, 68169 Mannheim</strong><br />
<a href="https://www.facebook.com/events/1193491020845451/?acontext=%7B%22ref%22%3A%22106%22%2C%22action_history%22%3A%22null%22%7D"><strong>Protest gegen das Nato-Großmanöver Defender Europe 2020</strong></a></h4>
<p>&nbsp;</p>
<h4 style="text-align: center;"><strong><span style="color: #000000;">Stuttgart:</span><span style="color: #ff6600;"> ab 29. Februar bis Ende Mai</span></strong><br />
<span style="color: #ff6600;"><strong> Jeden Samstag 11.00 bis 14.00 Uhr: Infostand<br />
</strong></span>Königstr. 14 (beim Pusteblumenbrunnen)<br />
!!! Ausnahme am 28.3. Schlossplatz, beim Christoph-Denkmal/Kreuzung Bolzstr.</h4>
<h3 style="text-align: center;"><span style="color: #ff6600;">Geplant: Überregionaler Aktionstag<br />
Freitag, 3. April 2020<br />
Infos: DFG-VK Ba-Wü<br />
</span></h3>
<p style="text-align: center;"><strong><a href="mailto:ba-wue@dfg-vk.de">ba-wue@dfg-vk.de</a></strong></p>
<p style="text-align: center;"><img loading="lazy" decoding="async" class="alignnone size-medium wp-image-544 aligncenter" src="https://stoppt-defender-2020.de/wp-content/uploads/2020/01/DEF20-in-Stuttgart-300x65.jpg" alt="" width="300" height="65" srcset="https://stoppt-defender-2020.de/wp-content/uploads/2020/01/DEF20-in-Stuttgart-300x65.jpg 300w, https://stoppt-defender-2020.de/wp-content/uploads/2020/01/DEF20-in-Stuttgart-1024x223.jpg 1024w, https://stoppt-defender-2020.de/wp-content/uploads/2020/01/DEF20-in-Stuttgart-150x33.jpg 150w, https://stoppt-defender-2020.de/wp-content/uploads/2020/01/DEF20-in-Stuttgart-768x167.jpg 768w, https://stoppt-defender-2020.de/wp-content/uploads/2020/01/DEF20-in-Stuttgart.jpg 1052w" sizes="auto, (max-width: 300px) 100vw, 300px" /></p>
<h4 style="text-align: center;"></h4>
<h4 style="text-align: center;"><strong><span style="color: #ff6600;">Nächstes Aktionstreffen in Stuttgart:</span></strong><br />
21. Februar, 19.00 Uhr<br />
Bürgerhaus Feuerbach,<br />
Stuttgarter Str. 15, Raum 2</h4>
<h4></h4>
<h4><strong>Militärisches:</strong></h4>
<header class="entry-header">
<div class="cmms-adzone-102"></div>
<div class="entry-meta"><span class="entry-date"><a href="https://www.rnf.de/mannheim-coleman-barracks-im-mittelpunkt-von-grossuebung-der-us-army-221894/" rel="bookmark"><time class="entry-date" datetime="2020-02-10T15:20:37+01:00">10. Februar 2020</time></a></span></div>
</header>
<div class="entry-content">
<p>Die Mannheimer Coleman-Barracks stehen zusammen mit den US-Army-Standorten Miesau und Dülmen im Mittelpunkt einer Groß-Übung. Wie die Streitkräfte heute mitteilten, werde Ende Februar der Transport von Material aus den Depots nach Bergen in Niedersachsen geprobt. Dabei werden unter anderem Panzer und Lastwagen von den Coleman Barracks über den Rhein nach Norden verschifft. Folge der Übung sei auch, dass die Depots auf ihre Vollständigkeit und ihren Zustand überprüft werden könnten.<br />
Das Manöver ist Bestandteil der großen Übung Defender Europe 2020, bei der rund 20 000 Soldaten aus den USA und 9000 aus Standorten in Europa nach Polen und ins Baltikum verlegt werden. Dort trainieren sie die Einsatzfähigkeit an der Nato-Außengrenze. (mho/dpa)</p>
<div class="idvl-socs-tools size-small"></div>
</div>
<header>
<hgroup></hgroup>
</header>
<section>
<div class="content-box-article-infos">
<div class="article-infos">
<p class="article-infos-item"><strong>15. Februar 2020, Die Stimme: US-Streitkräfte üben Material-Transport von Mannheim aus </strong><span class="place">Mannheim (dpa/lsw)</span>  <a href="https://www.stimme.de/suedwesten/nachrichten/pl/US-Streitkraefte-ueben-Material-Transport-von-Mannheim-aus;art19070,4320826">„Die US-Streitkräfte üben den Transport von Material in Depots in Mannheim, Miesau (Rheinland-Pfalz) sowie aus Dülmen (Nordrhein-Westfalen) in das niedersächsische Bergen. Das sagte ein Sprecher der Streitkräftebasis am Montag. Dabei werden Panzer und Lastwagen etwa von den Coleman Barracks in Mannheim über den Rhein nach Norden verschifft, Waffen über die Schiene transportiert und Verpflegung, Büro- und Sanitätsmaterial in Containern über die Straße gebracht.“</a></p>
</div>
</div>
</section>
<div class="grid_row">
<div class="grid_item-2">
<aside>
<section class="meta"><span class="edited">14. 02.2020, Main Post: </span><a href="https://www.mainpost.de/regional/main-spessart/UEbungen-der-Bundeswehr;art129810,10406204">Bundeswehreinheiten führen im Februar nachstehende Übungen aus &#8230; Das Landratsamt bittet die Bevölkerung sich von den Einrichtungen der übenden Truppe fernzuhalten.</a></section>
</aside>
</div>
</div>
<p class="hyphenate headline-l">07.02.2020, Schwäbische Zeitung: <a href="https://www.schwaebische.de/landkreis/landkreis-ravensburg/leutkirch_artikel,-bundeswehr-übt-zwischen-9-und-12-februar-auch-in-leutkirch-_arid,11183198.html">Bundeswehr übt zwischen 9. und 12. Februar in Leutkirch</a></p>
<p>28.01.2020, Rhein-Neckar-Zeitung: <a href="https://www.rnz.de/nachrichten/mannheim_artikel,-us-defender-2020-mannheim-als-drehscheibe-fuer-nato-manoever-_arid,495527.html">Mannheim als Drehscheibe für Nato-Manöver</a></p>
<p>!!! 04.04.2018: <a href="https://www.rnz.de/nachrichten/mannheim_artikel,-us-defender-2020-mannheim-als-drehscheibe-fuer-nato-manoever-_arid,495527.html">Rhein-Neckar-Zeitung</a>: „Eigentlich hätte das Areal Teil der Konversionsgelände werden sollen. Doch etwa eine Woche, bevor 2015 das Areal an die Bundesregierung hätte übergeben werden sollen, <a href="https://www.rnz.de/ar.349209" target="_blank" rel="noopener noreferrer">wurde es von den US-Streitkräften quasi über Nacht reaktiviert</a>. Seither lagern dort Lastwagen und Panzer für eine schnelle Eingreiftruppe in Osteuropa.“</p>
<h4><strong>Friedensbewegung:</strong></h4>
<p class="entry-title"><strong>Aktionsberatung vom Friedenstreff Stuttgart-Nord</strong></p>
<p class="entry-title">Do. 06.02.2020 um 19.00 Uhr<br />
Kultur- und Bürgerhaus Stuttgart-Feuerbach,<br />
Stuttgarter Straße 15, 1. Stock, Raum 3</p>
<p>Pressebericht: <a href="https://kommunalinfo-mannheim.de/2020/02/24/protesttag-kundgebung-und-fahrradcorso-gegen-militaermanoever-us-defender-europe-2020-mit-bildergalerie-und-video/">Protest in Mannheim</a></p>
<p>Für weitere Informationen kann beim Landeskommando der Bundeswehr angefragt werden:</p>
<p><img loading="lazy" decoding="async" class="alignnone size-full wp-image-957" src="https://stoppt-defender-2020.de/wp-content/uploads/2020/02/BaWü.png" alt="" width="1020" height="122" srcset="https://stoppt-defender-2020.de/wp-content/uploads/2020/02/BaWü.png 1020w, https://stoppt-defender-2020.de/wp-content/uploads/2020/02/BaWü-300x36.png 300w, https://stoppt-defender-2020.de/wp-content/uploads/2020/02/BaWü-150x18.png 150w, https://stoppt-defender-2020.de/wp-content/uploads/2020/02/BaWü-768x92.png 768w" sizes="auto, (max-width: 1020px) 100vw, 1020px" /></p>
<p>&nbsp;</p>
<h4></h4>

<p>Update: 22. Februar 2020, Alter Meßplatz, 68169 Mannheim Protest gegen das Nato-Großmanöver Defender Europe 2020 &nbsp; Stuttgart: ab 29. Februar bis Ende Mai Jeden Samstag 11.00 bis 14.00 Uhr: Infostand Königstr. 14 (beim Pusteblumenbrunnen) !!! Ausnahme am 28.3. Schlossplatz, beim Christoph-Denkmal/Kreuzung Bolzstr. Geplant: Überregionaler Aktionstag Freitag, 3. April 2020 Infos: DFG-VK Ba-Wü ba-wue@dfg-vk.de Nächstes Aktionstreffen in Stuttgart: [&hellip;]</p>
