{"id":208,"date":"2020-01-06T10:54:38","date_gmt":"2020-01-06T09:54:38","guid":{"rendered":"https:\/\/stoppt-defender-2020.de\/?page_id=208"},"modified":"2020-02-21T14:25:00","modified_gmt":"2020-02-21T13:25:00","slug":"def20-in-bayern","status":"publish","type":"page","link":"https:\/\/stoppt-defender-2020.de\/index.php\/def20-in-bayern\/","title":{"rendered":"DEF20 IN BAYERN"},"content":{"rendered":"<p><strong>Intro\/Update:<\/strong><\/p>\n<p><strong>Presse:<\/strong><\/p>\n<ul>\n<li>21.01.2020: <a href=\"https:\/\/www.augsburger-allgemeine.de\/neu-ulm\/Ulm-wird-fuer-die-Nato-noch-wichtiger-id56514131.html\">Ulm wird f\u00fcr die Nato noch wichtiger. &#8230; Das Ulmer Nato-Kommando JSEC wird sich ab M\u00e4rz an Defender Europe 20 beteiligen.<\/a><\/li>\n<li class=\"post-headline read head-read\">20.01.2020: <a href=\"https:\/\/www.infranken.de\/regional\/nuernberg\/us-grossuebung-defender-europe-militaerkonvois-rollen-auf-hauptroute-durch-franken;art88523,4763104\">Milit\u00e4rkonvois in Franken: US-Milit\u00e4r rollt mit &#8222;Defender Europe&#8220; auf Hauptroute durch Franken<\/a><\/li>\n<\/ul>\n<p><strong>Milit\u00e4risches:<\/strong><\/p>\n<p>(17.02.2020) <a href=\"https:\/\/primavera24.de\/bundeswehruebungen-im-kreis-aschaffenburg\/\">Bundeswehr\u00fcbungen im Kreis Aschaffenburg<\/a><\/p>\n<p><strong>(13.10.2019) Gr\u00f6\u00dftes Man\u00f6ver seit 25 Jahren auch in Grafenw\u00f6hr.<\/strong>\u00a0Gefechts\u00fcbungen: 37 000 US-Soldaten trainieren schnelle Verlegung. &#8230; Die Streitkr\u00e4fte der USA planen mit Beteiligung anderer Nato-Staaten und der Bundeswehr im Fr\u00fchjahr kommenden Jahres ein milit\u00e4rischen Gro\u00dfman\u00f6ver unter dem Namen Defender 2020 \u2013 eine der gr\u00f6\u00dften \u00dcbungen in Europa seit 25 Jahren. Eine wichtige Rolle spielt dabei der Truppen\u00fcbungsplatz Grafenw\u00f6hr. <a href=\"https:\/\/www.nordbayern.de\/region\/pegnitz\/grosstes-manover-seit-25-jahren-auch-in-grafenwohr-1.9417654\">Weiterlesen &#8230;<\/a><\/p>\n<p class=\"entry-title\"><strong>(17.09.2019, Augen geradeaus)<\/strong> <a href=\"https:\/\/augengeradeaus.net\/2019\/09\/neues-nato-kommando-in-ulm-erreicht-anfangsbefaehigung\/\"><strong>Neues NATO-Kommando in Ulm erreicht \u201aAnfangsbef\u00e4higung\u2018<\/strong><\/a> (um &#8222;im Krisenfall den Transport von Truppen und Ger\u00e4t der Allianz in Europa [zu] organisieren).<\/p>\n<p><strong>Friedensbewegung:<\/strong><\/p>\n<p>F\u00fcr Anfragen und weitergehende Informationen kann beim Landeskommando angefragt werden:<\/p>\n<p><img loading=\"lazy\" decoding=\"async\" class=\"alignnone size-full wp-image-954\" src=\"https:\/\/stoppt-defender-2020.de\/wp-content\/uploads\/2020\/02\/Bayern.png\" alt=\"\" width=\"1018\" height=\"149\" srcset=\"https:\/\/stoppt-defender-2020.de\/wp-content\/uploads\/2020\/02\/Bayern.png 1018w, https:\/\/stoppt-defender-2020.de\/wp-content\/uploads\/2020\/02\/Bayern-300x44.png 300w, https:\/\/stoppt-defender-2020.de\/wp-content\/uploads\/2020\/02\/Bayern-150x22.png 150w, https:\/\/stoppt-defender-2020.de\/wp-content\/uploads\/2020\/02\/Bayern-768x112.png 768w\" sizes=\"auto, (max-width: 1018px) 100vw, 1018px\" \/><\/p>\n","protected":false},"excerpt":{"rendered":"<p>Intro\/Update: Presse: 21.01.2020: Ulm wird f\u00fcr die Nato noch wichtiger. &#8230; Das Ulmer Nato-Kommando JSEC wird sich ab M\u00e4rz an Defender Europe 20 beteiligen. 20.01.2020: Milit\u00e4rkonvois in Franken: US-Milit\u00e4r rollt mit &#8222;Defender Europe&#8220; auf Hauptroute durch Franken Milit\u00e4risches: (17.02.2020) Bundeswehr\u00fcbungen im Kreis Aschaffenburg (13.10.2019) Gr\u00f6\u00dftes Man\u00f6ver seit 25 Jahren auch in Grafenw\u00f6hr.\u00a0Gefechts\u00fcbungen: 37 000 US-Soldaten [&hellip;]<\/p>\n","protected":false},"author":3,"featured_media":0,"parent":0,"menu_order":0,"comment_status":"closed","ping_status":"closed","template":"","meta":{"footnotes":""},"class_list":["post-208","page","type-page","status-publish","hentry"],"_links":{"self":[{"href":"https:\/\/stoppt-defender-2020.de\/index.php\/wp-json\/wp\/v2\/pages\/208","targetHints":{"allow":["GET"]}}],"collection":[{"href":"https:\/\/stoppt-defender-2020.de\/index.php\/wp-json\/wp\/v2\/pages"}],"about":[{"href":"https:\/\/stoppt-defender-2020.de\/index.php\/wp-json\/wp\/v2\/types\/page"}],"author":[{"embeddable":true,"href":"https:\/\/stoppt-defender-2020.de\/index.php\/wp-json\/wp\/v2\/users\/3"}],"replies":[{"embeddable":true,"href":"https:\/\/stoppt-defender-2020.de\/index.php\/wp-json\/wp\/v2\/comments?post=208"}],"version-history":[{"count":9,"href":"https:\/\/stoppt-defender-2020.de\/index.php\/wp-json\/wp\/v2\/pages\/208\/revisions"}],"predecessor-version":[{"id":956,"href":"https:\/\/stoppt-defender-2020.de\/index.php\/wp-json\/wp\/v2\/pages\/208\/revisions\/956"}],"wp:attachment":[{"href":"https:\/\/stoppt-defender-2020.de\/index.php\/wp-json\/wp\/v2\/media?parent=208"}],"curies":[{"name":"wp","href":"https:\/\/api.w.org\/{rel}","templated":true}]}}

<p><strong>Intro/Update:</strong></p>
<p><strong>Presse:</strong></p>
<ul>
<li>21.01.2020: <a href="https://www.augsburger-allgemeine.de/neu-ulm/Ulm-wird-fuer-die-Nato-noch-wichtiger-id56514131.html">Ulm wird für die Nato noch wichtiger. &#8230; Das Ulmer Nato-Kommando JSEC wird sich ab März an Defender Europe 20 beteiligen.</a></li>
<li class="post-headline read head-read">20.01.2020: <a href="https://www.infranken.de/regional/nuernberg/us-grossuebung-defender-europe-militaerkonvois-rollen-auf-hauptroute-durch-franken;art88523,4763104">Militärkonvois in Franken: US-Militär rollt mit &#8222;Defender Europe&#8220; auf Hauptroute durch Franken</a></li>
</ul>
<p><strong>Militärisches:</strong></p>
<p>(17.02.2020) <a href="https://primavera24.de/bundeswehruebungen-im-kreis-aschaffenburg/">Bundeswehrübungen im Kreis Aschaffenburg</a></p>
<p><strong>(13.10.2019) Größtes Manöver seit 25 Jahren auch in Grafenwöhr.</strong> Gefechtsübungen: 37 000 US-Soldaten trainieren schnelle Verlegung. &#8230; Die Streitkräfte der USA planen mit Beteiligung anderer Nato-Staaten und der Bundeswehr im Frühjahr kommenden Jahres ein militärischen Großmanöver unter dem Namen Defender 2020 – eine der größten Übungen in Europa seit 25 Jahren. Eine wichtige Rolle spielt dabei der Truppenübungsplatz Grafenwöhr. <a href="https://www.nordbayern.de/region/pegnitz/grosstes-manover-seit-25-jahren-auch-in-grafenwohr-1.9417654">Weiterlesen &#8230;</a></p>
<p class="entry-title"><strong>(17.09.2019, Augen geradeaus)</strong> <a href="https://augengeradeaus.net/2019/09/neues-nato-kommando-in-ulm-erreicht-anfangsbefaehigung/"><strong>Neues NATO-Kommando in Ulm erreicht ‚Anfangsbefähigung‘</strong></a> (um &#8222;im Krisenfall den Transport von Truppen und Gerät der Allianz in Europa [zu] organisieren).</p>
<p><strong>Friedensbewegung:</strong></p>
<p>Für Anfragen und weitergehende Informationen kann beim Landeskommando angefragt werden:</p>
<p><img loading="lazy" decoding="async" class="alignnone size-full wp-image-954" src="https://stoppt-defender-2020.de/wp-content/uploads/2020/02/Bayern.png" alt="" width="1018" height="149" srcset="https://stoppt-defender-2020.de/wp-content/uploads/2020/02/Bayern.png 1018w, https://stoppt-defender-2020.de/wp-content/uploads/2020/02/Bayern-300x44.png 300w, https://stoppt-defender-2020.de/wp-content/uploads/2020/02/Bayern-150x22.png 150w, https://stoppt-defender-2020.de/wp-content/uploads/2020/02/Bayern-768x112.png 768w" sizes="auto, (max-width: 1018px) 100vw, 1018px" /></p>

<p>Intro/Update: Presse: 21.01.2020: Ulm wird für die Nato noch wichtiger. &#8230; Das Ulmer Nato-Kommando JSEC wird sich ab März an Defender Europe 20 beteiligen. 20.01.2020: Militärkonvois in Franken: US-Militär rollt mit &#8222;Defender Europe&#8220; auf Hauptroute durch Franken Militärisches: (17.02.2020) Bundeswehrübungen im Kreis Aschaffenburg (13.10.2019) Größtes Manöver seit 25 Jahren auch in Grafenwöhr. Gefechtsübungen: 37 000 US-Soldaten [&hellip;]</p>
