{"id":231,"date":"2020-01-06T14:04:32","date_gmt":"2020-01-06T13:04:32","guid":{"rendered":"https:\/\/stoppt-defender-2020.de\/?page_id=231"},"modified":"2020-02-10T19:14:06","modified_gmt":"2020-02-10T18:14:06","slug":"militaersches","status":"publish","type":"page","link":"https:\/\/stoppt-defender-2020.de\/index.php\/militaersches\/","title":{"rendered":"MILIT\u00c4R"},"content":{"rendered":"<p><strong>TOP: Links mit Infos zur (An)landung der US-Truppen in Europa<\/strong><\/p>\n<p>&#8211;\u00a0<a href=\"https:\/\/defensiefotografie.nl\/nieuws\/alles-over-defender-europe-20\/\">Alle nieuws over DEFENDER-Europe 20 (NL)<\/a><\/p>\n<p>***<\/p>\n<p><strong>Defender Europe 2020 &#8211; ein \u00dcberblick<\/strong><\/p>\n<p>Au\u00dfer einer kurzen Einf\u00fchrung bieten wir hier\u00a0<a href=\"https:\/\/stoppt-defender-2020.de\/index.php\/weiterfuehrende-links-zu-statements-analysen-der-militaerischen-sprengkoepfe\/\">Links zu Statements &amp; Analysen der milit\u00e4rischen Sprengk\u00f6pfe<\/a>\u00a0und wie sie ihre Kriegsspiele beschreiben und \u201apromoten\u2018 &#8230;<\/p>\n<p><a href=\"https:\/\/www.eur.army.mil\/DefenderEurope\/\"><img loading=\"lazy\" decoding=\"async\" class=\"alignnone size-medium wp-image-248\" src=\"https:\/\/stoppt-defender-2020.de\/wp-content\/uploads\/2020\/01\/941BAC10-7D03-46B9-B461-37B41EBC7568-300x245.jpeg\" alt=\"\" width=\"300\" height=\"245\" srcset=\"https:\/\/stoppt-defender-2020.de\/wp-content\/uploads\/2020\/01\/941BAC10-7D03-46B9-B461-37B41EBC7568-300x245.jpeg 300w, https:\/\/stoppt-defender-2020.de\/wp-content\/uploads\/2020\/01\/941BAC10-7D03-46B9-B461-37B41EBC7568-1024x835.jpeg 1024w, https:\/\/stoppt-defender-2020.de\/wp-content\/uploads\/2020\/01\/941BAC10-7D03-46B9-B461-37B41EBC7568-150x122.jpeg 150w, https:\/\/stoppt-defender-2020.de\/wp-content\/uploads\/2020\/01\/941BAC10-7D03-46B9-B461-37B41EBC7568-768x626.jpeg 768w, https:\/\/stoppt-defender-2020.de\/wp-content\/uploads\/2020\/01\/941BAC10-7D03-46B9-B461-37B41EBC7568.jpeg 1465w\" sizes=\"auto, (max-width: 300px) 100vw, 300px\" \/><\/a><\/p>\n<p><strong>Einf\u00fchrung:<br \/>\nUS- und europ\u00e4ische Au\u00dfenpolitik mit \u201aFlammenschwert\u2018 &#8230;<\/strong><\/p>\n<p>Seit 2017, dem Beginn der <a href=\"https:\/\/www.kathrin-vogler.de\/nc\/suche\/detail\/news\/us-truppentransporte-auf-unseren-strassen-der-grosse-aufmarsch-gegen-osten\/\">\u201eAtlantic Resolve&#8220;-Resolve-Rotationen<\/a> wissen wir: Der westliche Milit\u00e4raufmarsch an der Grenze zu Russland ist keine Milit\u00e4r\u00fcbung, sondern Kernstrategie der &#8222;europ\u00e4ischen Abschreckungsinitiative&#8220;, mit der die US-Regierung darauf abzielt, eine neue ost-westliche Konfrontationslinie zu konstruieren.<\/p>\n<div id=\"attachment_240\" style=\"width: 310px\" class=\"wp-caption alignnone\"><a href=\"https:\/\/www.eur.army.mil\/AtlanticResolve\/\" target=\"_blank\" rel=\"noopener noreferrer\"><img loading=\"lazy\" decoding=\"async\" aria-describedby=\"caption-attachment-240\" class=\"wp-image-240 size-medium\" src=\"https:\/\/stoppt-defender-2020.de\/wp-content\/uploads\/2020\/01\/22686BEF-31FE-46A2-9678-EB2325CA2329-300x183.jpeg\" alt=\"\" width=\"300\" height=\"183\" srcset=\"https:\/\/stoppt-defender-2020.de\/wp-content\/uploads\/2020\/01\/22686BEF-31FE-46A2-9678-EB2325CA2329-300x183.jpeg 300w, https:\/\/stoppt-defender-2020.de\/wp-content\/uploads\/2020\/01\/22686BEF-31FE-46A2-9678-EB2325CA2329-150x92.jpeg 150w, https:\/\/stoppt-defender-2020.de\/wp-content\/uploads\/2020\/01\/22686BEF-31FE-46A2-9678-EB2325CA2329.jpeg 499w\" sizes=\"auto, (max-width: 300px) 100vw, 300px\" \/><\/a><p id=\"caption-attachment-240\" class=\"wp-caption-text\">U.S. Army Europe, Website \u201eAtlantic Resolve\u201c<\/p><\/div>\n<p>Die US-Truppen &#8222;rotieren&#8220; alle neun Monate, weil die NATO gegen\u00fcber Russland im Zwei-plus-Vier-Vertrag 1990 zugesichert hat, keine Kampftruppen in den neuen NATO-Staaten an Russlands Grenzen zu stationieren. Mit der Argumentation, die osteurop\u00e4ischen B\u00fcndnisstaaten (Bulgarien, Estland, Ungarn, Lettland, Litauen, Polen und Rum\u00e4nien) h\u00e4tten seit dem Ukraine-Konflikt ein besonderes Schutzbed\u00fcrfnis und die westeurop\u00e4ischen Zivilgesellschaften m\u00fcssten wieder an milit\u00e4rische Aufm\u00e4rsche, Abschreckung und die Bedrohung aus dem Osten gew\u00f6hnt werden, legitimieren die USA ihre Milit\u00e4rpr\u00e4senz in West- und Osteuropa.<\/p>\n<div id=\"attachment_242\" style=\"width: 249px\" class=\"wp-caption alignnone\"><a href=\"https:\/\/www.eur.army.mil\/Portals\/19\/documents\/DEFENDEREurope\/DEFENDEREurope20Factsheet191216.pdf\" target=\"_blank\" rel=\"noopener noreferrer\"><img loading=\"lazy\" decoding=\"async\" aria-describedby=\"caption-attachment-242\" class=\"wp-image-242 size-medium\" src=\"https:\/\/stoppt-defender-2020.de\/wp-content\/uploads\/2020\/01\/DC585401-1C85-4443-81C1-DD6BD183DAA7-239x300.jpeg\" alt=\"\" width=\"239\" height=\"300\" srcset=\"https:\/\/stoppt-defender-2020.de\/wp-content\/uploads\/2020\/01\/DC585401-1C85-4443-81C1-DD6BD183DAA7-239x300.jpeg 239w, https:\/\/stoppt-defender-2020.de\/wp-content\/uploads\/2020\/01\/DC585401-1C85-4443-81C1-DD6BD183DAA7-120x150.jpeg 120w, https:\/\/stoppt-defender-2020.de\/wp-content\/uploads\/2020\/01\/DC585401-1C85-4443-81C1-DD6BD183DAA7.jpeg 432w\" sizes=\"auto, (max-width: 239px) 100vw, 239px\" \/><\/a><p id=\"caption-attachment-242\" class=\"wp-caption-text\">U.S. Army Europe, Website \u201eDefender 2020\u201c<\/p><\/div>\n<p>Und in Kooperation mit NATO-Truppen oder einzelnen Partnerstaaten &#8222;\u00fcben&#8220; die US-Truppen mit einer Vielzahl von kleinen und gro\u00dfen Man\u00f6vern den Krieg gegen Russland. Drohgeb\u00e4rden, wie es sie seit dem Ende des Kalten Krieges nicht mehr gegeben hat.<\/p>\n<div id=\"attachment_244\" style=\"width: 310px\" class=\"wp-caption alignnone\"><a href=\"https:\/\/www.bundeswehr.de\/de\/organisation\/streitkraeftebasis\/uebungen\/defender-europe-20\" target=\"_blank\" rel=\"noopener noreferrer\"><img loading=\"lazy\" decoding=\"async\" aria-describedby=\"caption-attachment-244\" class=\"wp-image-244 size-medium\" src=\"https:\/\/stoppt-defender-2020.de\/wp-content\/uploads\/2020\/01\/444728BE-3D4A-4514-B13F-7A9BE3A7298C-300x154.jpeg\" alt=\"\" width=\"300\" height=\"154\" srcset=\"https:\/\/stoppt-defender-2020.de\/wp-content\/uploads\/2020\/01\/444728BE-3D4A-4514-B13F-7A9BE3A7298C-300x154.jpeg 300w, https:\/\/stoppt-defender-2020.de\/wp-content\/uploads\/2020\/01\/444728BE-3D4A-4514-B13F-7A9BE3A7298C-1024x526.jpeg 1024w, https:\/\/stoppt-defender-2020.de\/wp-content\/uploads\/2020\/01\/444728BE-3D4A-4514-B13F-7A9BE3A7298C-150x77.jpeg 150w, https:\/\/stoppt-defender-2020.de\/wp-content\/uploads\/2020\/01\/444728BE-3D4A-4514-B13F-7A9BE3A7298C-768x394.jpeg 768w, https:\/\/stoppt-defender-2020.de\/wp-content\/uploads\/2020\/01\/444728BE-3D4A-4514-B13F-7A9BE3A7298C-1536x789.jpeg 1536w, https:\/\/stoppt-defender-2020.de\/wp-content\/uploads\/2020\/01\/444728BE-3D4A-4514-B13F-7A9BE3A7298C.jpeg 1984w\" sizes=\"auto, (max-width: 300px) 100vw, 300px\" \/><\/a><p id=\"caption-attachment-244\" class=\"wp-caption-text\">Bundeswehr, Website \u201eDefender 2020\u201c<\/p><\/div>\n<p>\u201cDefender 2020\u201c, das bisher gr\u00f6\u00dfte dieser Man\u00f6ver, ist Teil der neuen US-amerikanischen \u201eAbschreckungspolitik\u201c gegen\u00fcber Russland und auch Deutschland mischt kr\u00e4ftig mit in diesem irrationalen Szenario, das ausgeht von einem \u201emilit\u00e4risch gleichgestellten Gegner\u201c (Russland), der plant im Baltikum einzumarschieren und mitten in Europa \u201emilit\u00e4risch geschlagen\u201c werden soll:<\/p>\n<blockquote><p>\u201eTransportkolonnen in der Nacht auf deutschen Autobahnen, lange G\u00fcterz\u00fcge, die durch deutsche Bahnh\u00f6fe gen Osten rollen, Panzer auf Binnenschiffen im Ruhrgebiet: Wenn die Amerikaner &#8230; mit Defender Europe 20 die Verfahren zur Verlegung von umfangreichen Kr\u00e4ften aus den <abbr title=\"United States of America\">USA\u00a0<\/abbr>nach Osteuropa \u00fcben, wird Deutschland aufgrund seiner geo-strategischen Lage im Herzen Europas zur logistischen Drehscheibe.\u201c<\/p><\/blockquote>\n<p>(Quelle: <a href=\"https:\/\/www.bundeswehr.de\/de\/organisation\/streitkraeftebasis\/uebungen\/defender-europe-20\">Bundeswehr-Website \u201eDefender Europe 20\u201c<\/a>)<\/p>\n<p style=\"text-align: left;\"><strong>Hier ist jetzt die Friedensbewegung gefordert und mit ihr alle Menschen, die sich weigern, diese Projektionen \u00fcber die Androhung \u00a0eines neuen hei\u00dfen Krieges in Europa mitzudenken: Wehren wir uns, gehen wir auf die Stra\u00dfe und zeigen, dass wir Kriegsvorbereitungen wie das Man\u00f6ver \u201eDefender 2020\u201c \u00a0ablehnen. <\/strong><\/p>\n<p style=\"text-align: left;\"><strong>Wir wollen keinen Krieg in Europa; wir wollen eine neue Entspannungspolitik und friedliche \u00a0Nachbarschaft mit Russland. <\/strong><\/p>\n<p style=\"text-align: left;\"><strong>Abr\u00fcsten statt aufr\u00fcsten! Die Waffen nieder!\u00a0<\/strong><\/p>\n","protected":false},"excerpt":{"rendered":"<p>TOP: Links mit Infos zur (An)landung der US-Truppen in Europa &#8211;\u00a0Alle nieuws over DEFENDER-Europe 20 (NL) *** Defender Europe 2020 &#8211; ein \u00dcberblick Au\u00dfer einer kurzen Einf\u00fchrung bieten wir hier\u00a0Links zu Statements &amp; Analysen der milit\u00e4rischen Sprengk\u00f6pfe\u00a0und wie sie ihre Kriegsspiele beschreiben und \u201apromoten\u2018 &#8230; Einf\u00fchrung: US- und europ\u00e4ische Au\u00dfenpolitik mit \u201aFlammenschwert\u2018 &#8230; Seit 2017, [&hellip;]<\/p>\n","protected":false},"author":3,"featured_media":0,"parent":0,"menu_order":0,"comment_status":"closed","ping_status":"closed","template":"","meta":{"footnotes":""},"class_list":["post-231","page","type-page","status-publish","hentry"],"_links":{"self":[{"href":"https:\/\/stoppt-defender-2020.de\/index.php\/wp-json\/wp\/v2\/pages\/231","targetHints":{"allow":["GET"]}}],"collection":[{"href":"https:\/\/stoppt-defender-2020.de\/index.php\/wp-json\/wp\/v2\/pages"}],"about":[{"href":"https:\/\/stoppt-defender-2020.de\/index.php\/wp-json\/wp\/v2\/types\/page"}],"author":[{"embeddable":true,"href":"https:\/\/stoppt-defender-2020.de\/index.php\/wp-json\/wp\/v2\/users\/3"}],"replies":[{"embeddable":true,"href":"https:\/\/stoppt-defender-2020.de\/index.php\/wp-json\/wp\/v2\/comments?post=231"}],"version-history":[{"count":22,"href":"https:\/\/stoppt-defender-2020.de\/index.php\/wp-json\/wp\/v2\/pages\/231\/revisions"}],"predecessor-version":[{"id":745,"href":"https:\/\/stoppt-defender-2020.de\/index.php\/wp-json\/wp\/v2\/pages\/231\/revisions\/745"}],"wp:attachment":[{"href":"https:\/\/stoppt-defender-2020.de\/index.php\/wp-json\/wp\/v2\/media?parent=231"}],"curies":[{"name":"wp","href":"https:\/\/api.w.org\/{rel}","templated":true}]}}